f + 6. What is the remainder when n(-3) is divided by 4?
1
Let s be (-3)/1 + 13*1. Suppose s = -2*n, 3*c - 2*n - 85 = 3*n. Suppose 0 = 2*q - 0*q - 114. What is the remainder when q is divided by c?
17
Let z(v) = -v**2 - 2*v + 6. Let w be z(-5). Let j(m) = m**3 + 5*m**2 + 5*m + 5. Let u be j(-4). Let h = u - w. Calculate the remainder when h is divided by 6.
4
Let v = 52 + -15. Suppose m - 1 = 2. Suppose m*c + 4*n = 53, -4 = 5*n + 1. What is the remainder when v is divided by c?
18
Suppose -l + 4*l - 228 = 0. Suppose l = 3*p + p. What is the remainder when p is divided by 11?
8
Let p be (-3 - (-2 + 57)) + 0. Let s = p - -93. Let t = -1 + 19. What is the remainder when s is divided by t?
17
What is the remainder when 93 is divided by (21/(-9) + -3)/((-4)/18)?
21
Let q(g) = -g**3 + 5*g**2 + 6*g - 7. Suppose 6*a - 3*a = 39. Let z(y) = 5*y + 25. What is the remainder when z(a) is divided by q(5)?
21
Suppose 8*d - 9*d + 24 = 0. Suppose 80 = v - 5*r, 3*v - v + 5*r - 130 = 0. What is the remainder when v is divided by d?
22
Let k be 4 + -4 + 2 - -248. Suppose -3*t + k = 2*t. What is the remainder when t is divided by 13?
11
Let t(c) = -4*c - 34. Calculate the remainder when 30 is divided by t(-13).
12
Let o(k) = -k**3 + 5*k**2 + k. Let p(l) = 2*l**3 - 6*l**2. Let s(f) = -3*o(f) - 2*p(f). What is the remainder when 5 is divided by s(-2)?
1
Suppose 0*g + 50 = g. Suppose j + 4*n = 3*j - 18, -2*n + 17 = j. Suppose 2*i = i + j. What is the remainder when g is divided by i?
11
Suppose -s + 5 = -0. Suppose 0 = -4*n - 3*c + 119, 0 = -5*n + 3*n - s*c + 49. Let q = -6 + 17. What is the remainder when n is divided by q?
10
Suppose 7 - 1 = -n + 4*y, 5*n = -2*y + 58. Suppose 5*p = -z + 46, 2*z - n = -p + z. Calculate the remainder when p is divided by 6.
3
Suppose -9*r + 5*r = -324. Calculate the remainder when r is divided by 28.
25
Suppose 3*o + 4*v - 3*v - 53 = 0, o - 4*v = 35. What is the remainder when o is divided by (-6 + 4 + -8)*-1?
9
Let x(t) = t**2 + t - 6. Let b(k) = k**3 + 2*k**2 - 2*k + 1. Let g be b(-2). What is the remainder when x(g) is divided by 13?
11
Let p = -14 - -33. What is the remainder when p is divided by 7?
5
Calculate the remainder when 18 is divided by ((-14 - 0)/2)/(-1 + 0).
4
Suppose 3*p - 24 + 0 = 0. Suppose 2*z - p = 6. What is the remainder when z is divided by 4?
3
Let z(c) = c**2. Let n be z(-2). Let j(q) = -q + 8. What is the remainder when j(n) is divided by 3?
1
Let n = -324 + 334. Calculate the remainder when (-1)/2 - 110/(-4) is divided by n.
7
Suppose 2*x - x + z - 15 = 0, -35 = -4*x + z. Suppose 0 = -v - 2*v - 5*p + 11, x = -2*p. What is the remainder when v is divided by 7?
5
What is the remainder when 107 is divided by 4/6*(5 - -10)*1?
7
What is the remainder when ((-1 - -19) + -2)/2 is divided by 3?
2
Let i(q) = q**2 - 2*q + 2. What is the remainder when 38 is divided by i(4)?
8
Suppose j = 6*j. Suppose j = -0*i - 2*i + 14. What is the remainder when 11 is divided by i?
4
Let u = 0 - -3. Let g(z) = 2*z**2 - 3*z. Let q be g(u). Calculate the remainder when 17 is divided by (q/2)/((-1)/(-2)).
8
Let c = 0 + 2. Suppose -a + o = -57, 5*o - 36 - 50 = -c*a. Let d(n) = -4*n - 14. What is the remainder when a is divided by d(-8)?
17
Let s(n) = n**3 - 15*n**2 + 2*n - 17. What is the remainder when 62 is divided by s(15)?
10
What is the remainder when 31 is divided by (3/(-6)*2)/(2/(-22))?
9
Let o = -21 + 64. What is the remainder when o is divided by 327/15 - 2/(-10)?
21
Suppose -2*y + 98 = -0*y. Let k = -11 + 28. Calculate the remainder when y is divided by k.
15
Let v(r) = 2*r**2 + 5*r - 5. What is the remainder when 2116/36 + (-6)/(-27) is divided by v(-5)?
19
Let u be (3 - 1) + -2 + 2. Calculate the remainder when 9 is divided by 4/(-2) - (u + -7).
0
Suppose 3*z = -55 + 148. Calculate the remainder when 123 is divided by z.
30
Suppose 5*n = -1 - 39. Let l = n + 61. What is the remainder when l is divided by 420/16 + 3/4?
26
Let v = 157 + -117. Calculate the remainder when 78 is divided by v.
38
Let a = 21 + -10. Calculate the remainder when 52 is divided by a.
8
Let h = 93 - 52. Calculate the remainder when h is divided by 11.
8
Let r(v) = -2*v**2 + v - 2. Let s be r(2). Let b = -14 + s. Calculate the remainder when 41 is divided by 2 - -1 - b/2.
13
Suppose -4*g + 3*g + 25 = 0. Let l be (-2)/(-2)*(1 + 0). Let x = l + 12. What is the remainder when g is divided by x?
12
Let i(f) = -8*f - 3. What is the remainder when 3 - 374/(-51)*(-1 - -4) is divided by i(-2)?
12
Let y(b) = -2*b + 60. Calculate the remainder when y(-17) is divided by 32.
30
Let f(x) = -x**3 + 9*x**2 - x + 11. What is the remainder when f(8) is divided by 17?
16
Suppose 0 = 4*b + b - 20. Let o(l) = 4*l**2 - 3*l + 2. Suppose -73*a - 14 = -74*a. Calculate the remainder when o(b) is divided by a.
12
What is the remainder when 23 is divided by (-6)/(-8)*(-16)/(-36)*39?
10
Let v(u) be the second derivative of -5*u**3/2 + 5*u. Calculate the remainder when 59 is divided by v(-1).
14
Let r = -13 + 7. What is the remainder when (-3)/(r/(-46))*-1 is divided by 8?
7
Suppose 3*q + 468 = 12*q. What is the remainder when q is divided by 4?
0
Suppose -3*q + 303 = -3*g, 8*q = 4*q - 5*g + 422. What is the remainder when q is divided by 26?
25
Let s(n) = -n**3 + 9*n**2 + n + 3. Let j = 19 - 11. What is the remainder when s(j) is divided by 19?
18
Let o be 4 + (-2)/(-2)*-1. Suppose o*w = 2*r - 62, 0 = -3*r - 5*w + 65 + 28. What is the remainder when 92 is divided by r?
30
Suppose 3*m - 8*m = -2*o - 296, -3*o = m - 49. Let n be ((-40)/6)/((-1)/3). Suppose t + 3*t = -r + 4, -5*t = n. Calculate the remainder when m is divided by r.
18
Calculate the remainder when 50 is divided by (12 - -11) + -1 + (-4)/(-1).
24
Suppose -2*q + 27 + 25 = 0. Let f = q - 8. Suppose f = 2*x - 4*t, 4*x = -5*t + 38 - 2. What is the remainder when 17 is divided by x?
8
What is the remainder when (97 - -3)*6/15 is divided by 21?
19
Let q(m) = 40*m**3 - 2*m**2 + m. Let t be q(1). Suppose b - z - t = 0, -4*z = 2*b - 24 - 24. Calculate the remainder when b is divided by 12.
10
Suppose -4*g + 9 + 19 = 0. What is the remainder when 55 is divided by 100/g - (-8)/(-28)?
13
Suppose 0 = -2*w + 5*w - 195. Suppose -5*j = -0*j - w. Calculate the remainder when 49 is divided by j.
10
Let d(y) = y**2 - y - 3. Let u be d(3). Suppose -3*l = -4*p - p, 0 = u*l + 5*p. Suppose l*q = q - 10. What is the remainder when 18 is divided by q?
8
Calculate the remainder when 11 is divided by ((-1)/3)/((-5)/90).
5
Suppose -2*u + h = -4*h - 20, 4*h = -2*u + 20. Let b(k) = k + 38. Calculate the remainder when b(0) is divided by u.
8
Let j(r) = -2*r**3 - r**2 + 3*r + 1. Let n(s) = -s**2 - 10*s + 11. Let o be n(-11). Let i = 5 + o. What is the remainder when j(-2) is divided by i?
2
Let v be (4/(-3))/((-2)/(-3)). Calculate the remainder when v/(-6) + (-112)/(-6) is divided by 82/8 + 1/(-4).
9
Suppose 5*k + 16 = k, 2*k - 116 = -4*p. Calculate the remainder when 154 is divided by p.
30
Let u = 24 - 0. What is the remainder when 69*((-10)/3)/(-5) is divided by u?
22
Suppose -3*c + 2*c = -118. Let a = -76 + c. Calculate the remainder when a is divided by (24 - 12/4) + (-1)/(-1).
20
Suppose 31 = -2*k + 3. Let a be 4/k - 618/42. Let h = a - -22. Calculate the remainder when 13 is divided by h.
6
Let b = -68 + 77. Let g = -38 + 53. What is the remainder when g is divided by b?
6
Let y(w) = -w**3 - 6*w**2 - 6*w + 3. What is the remainder when y(-6) is divided by 21?
18
Let p = -54 + 78. Suppose 0*l - 5*l + 690 = 0. Suppose -3*x + l = -0*x. What is the remainder when x is divided by p?
22
Suppose a - 3*a + 24 = 0. What is the remainder when 35 is divided by a?
11
Let p(h) = -15*h**2 + 3*h + 3. Let v be p(-2). Let n = v + 110. Calculate the remainder when n is divided by 12.
11
Let v = -7 + 11. Suppose -z = -v*a + 30, -4*a = -4*z - 39 + 3. Calculate the remainder when 20 is divided by a.
6
Suppose -1 = -m - 2. Calculate the remainder when 38 is divided by (39/(-6))/(m/2).
12
Let y = 5 - 11. Calculate the remainder when 5 is divided by 8/(-6)*9/y.
1
What is the remainder when (116/5)/((12/10)/3) is divided by 31?
27
Let c = -5 + 9. Suppose c*n - 5*n = -7. What is the remainder when 27 is divided by n?
6
Suppose 2*n - 5*n = 0, 0 = -3*w - 4*n + 3